{"id":944,"date":"2025-12-04T10:23:38","date_gmt":"2025-12-04T09:23:38","guid":{"rendered":"https:\/\/www.svbs-asse.ch\/svbs3\/?page_id=944"},"modified":"2026-04-07T13:27:46","modified_gmt":"2026-04-07T11:27:46","slug":"assemblee-generale","status":"publish","type":"page","link":"https:\/\/www.svbs-asse.ch\/?page_id=944&lang=fr","title":{"rendered":"Assembl\u00e9e g\u00e9n\u00e9rale"},"content":{"rendered":"\n<div class=\"wp-block-columns is-layout-flex wp-container-core-columns-is-layout-9d6595d7 wp-block-columns-is-layout-flex\">\n<div class=\"wp-block-column is-layout-flow wp-block-column-is-layout-flow\" style=\"flex-basis:33.33%\">\n<div class=\"wp-block-cover\"><img loading=\"lazy\" decoding=\"async\" width=\"1024\" height=\"683\" class=\"wp-block-cover__image-background wp-image-1054 size-large\" alt=\"\" src=\"https:\/\/www.svbs-asse.ch\/wp-content\/uploads\/2025\/12\/mitgliederversammlung-kachel-1024x683.jpg\" data-object-fit=\"cover\" srcset=\"https:\/\/www.svbs-asse.ch\/wp-content\/uploads\/2025\/12\/mitgliederversammlung-kachel-1024x683.jpg 1024w, https:\/\/www.svbs-asse.ch\/wp-content\/uploads\/2025\/12\/mitgliederversammlung-kachel-300x200.jpg 300w, https:\/\/www.svbs-asse.ch\/wp-content\/uploads\/2025\/12\/mitgliederversammlung-kachel-768x512.jpg 768w\" sizes=\"auto, (max-width: 1024px) 100vw, 1024px\" \/><span aria-hidden=\"true\" class=\"wp-block-cover__background has-background-dim\" style=\"background-color:#7d7a75\"><\/span><div class=\"wp-block-cover__inner-container is-layout-constrained wp-block-cover-is-layout-constrained\">\n<p class=\"has-text-align-center has-large-font-size\"><\/p>\n<\/div><\/div>\n<\/div>\n\n\n\n<div class=\"wp-block-column is-layout-flow wp-block-column-is-layout-flow\" style=\"flex-basis:66.66%\">\n<p>La prochaine assembl\u00e9e g\u00e9n\u00e9rale aura lieu le 17 avril 2026 \u00e0 Seegr\u00e4ben (ZH).<\/p>\n\n\n\n<p>Accueil des invit\u00e9s : \u00e0 partir de 15h30<\/p>\n\n\n\n<p>Assembl\u00e9e g\u00e9n\u00e9rale : \u00e0 partir de 16h<\/p>\n\n\n\n<p>C\u00e9l\u00e9bration anniversaire : \u00e0 partir de 17h30<\/p>\n\n\n\n<p>La date limite d&#8217;inscription est d\u00e9pass\u00e9e.<br><br><br><br><a href=\"https:\/\/www.svbs-asse.ch\/wp-content\/uploads\/2025\/12\/Protokoll_MV_2025_.pdf\" data-type=\"link\" data-id=\"https:\/\/www.svbs-asse.ch\/wp-content\/uploads\/2025\/12\/Protokoll_MV_2025_.pdf\" target=\"_blank\" rel=\"noreferrer noopener\">Proc\u00e8s-verbal de l&#8217;assembl\u00e9e g\u00e9n\u00e9rale 2025<\/a> <em>(en allemand)<\/em><\/p>\n<\/div>\n<\/div>\n","protected":false},"excerpt":{"rendered":"<p>La prochaine assembl\u00e9e g\u00e9n\u00e9rale aura lieu le 17 avril 2026 \u00e0 Seegr\u00e4ben (ZH). Accueil des invit\u00e9s : \u00e0 partir de 15h30 Assembl\u00e9e g\u00e9n\u00e9rale : \u00e0 partir de 16h C\u00e9l\u00e9bration anniversaire [&hellip;]<\/p>\n","protected":false},"author":1,"featured_media":0,"parent":685,"menu_order":0,"comment_status":"closed","ping_status":"closed","template":"","meta":{"_acf_changed":false,"footnotes":""},"class_list":["post-944","page","type-page","status-publish","hentry"],"acf":[],"lang":"fr","translations":{"fr":944,"de":942,"it":1286,"en":1441},"pll_sync_post":[],"_links":{"self":[{"href":"https:\/\/www.svbs-asse.ch\/index.php?rest_route=\/wp\/v2\/pages\/944","targetHints":{"allow":["GET"]}}],"collection":[{"href":"https:\/\/www.svbs-asse.ch\/index.php?rest_route=\/wp\/v2\/pages"}],"about":[{"href":"https:\/\/www.svbs-asse.ch\/index.php?rest_route=\/wp\/v2\/types\/page"}],"author":[{"embeddable":true,"href":"https:\/\/www.svbs-asse.ch\/index.php?rest_route=\/wp\/v2\/users\/1"}],"replies":[{"embeddable":true,"href":"https:\/\/www.svbs-asse.ch\/index.php?rest_route=%2Fwp%2Fv2%2Fcomments&post=944"}],"version-history":[{"count":6,"href":"https:\/\/www.svbs-asse.ch\/index.php?rest_route=\/wp\/v2\/pages\/944\/revisions"}],"predecessor-version":[{"id":2004,"href":"https:\/\/www.svbs-asse.ch\/index.php?rest_route=\/wp\/v2\/pages\/944\/revisions\/2004"}],"up":[{"embeddable":true,"href":"https:\/\/www.svbs-asse.ch\/index.php?rest_route=\/wp\/v2\/pages\/685"}],"wp:attachment":[{"href":"https:\/\/www.svbs-asse.ch\/index.php?rest_route=%2Fwp%2Fv2%2Fmedia&parent=944"}],"curies":[{"name":"wp","href":"https:\/\/api.w.org\/{rel}","templated":true}]}}

Assemblée générale

<div class="wp-block-columns is-layout-flex wp-container-core-columns-is-layout-9d6595d7 wp-block-columns-is-layout-flex">
<div class="wp-block-column is-layout-flow wp-block-column-is-layout-flow" style="flex-basis:33.33%">
<div class="wp-block-cover"><img loading="lazy" decoding="async" width="1024" height="683" class="wp-block-cover__image-background wp-image-1054 size-large" alt="" src="https://www.svbs-asse.ch/wp-content/uploads/2025/12/mitgliederversammlung-kachel-1024x683.jpg" data-object-fit="cover" srcset="https://www.svbs-asse.ch/wp-content/uploads/2025/12/mitgliederversammlung-kachel-1024x683.jpg 1024w, https://www.svbs-asse.ch/wp-content/uploads/2025/12/mitgliederversammlung-kachel-300x200.jpg 300w, https://www.svbs-asse.ch/wp-content/uploads/2025/12/mitgliederversammlung-kachel-768x512.jpg 768w" sizes="auto, (max-width: 1024px) 100vw, 1024px" /><span aria-hidden="true" class="wp-block-cover__background has-background-dim" style="background-color:#7d7a75"></span><div class="wp-block-cover__inner-container is-layout-constrained wp-block-cover-is-layout-constrained">
<p class="has-text-align-center has-large-font-size"></p>
</div></div>
</div>



<div class="wp-block-column is-layout-flow wp-block-column-is-layout-flow" style="flex-basis:66.66%">
<p>La prochaine assemblée générale aura lieu le 17 avril 2026 à Seegräben (ZH).</p>



<p>Accueil des invités : à partir de 15h30</p>



<p>Assemblée générale : à partir de 16h</p>



<p>Célébration anniversaire : à partir de 17h30</p>



<p>La date limite d&#8217;inscription est dépassée.<br><br><br><br><a href="https://www.svbs-asse.ch/wp-content/uploads/2025/12/Protokoll_MV_2025_.pdf" data-type="link" data-id="https://www.svbs-asse.ch/wp-content/uploads/2025/12/Protokoll_MV_2025_.pdf" target="_blank" rel="noreferrer noopener">Procès-verbal de l&#8217;assemblée générale 2025</a> <em>(en allemand)</em></p>
</div>
</div>

<p>La prochaine assemblée générale aura lieu le 17 avril 2026 à Seegräben (ZH). Accueil des invités : à partir de 15h30 Assemblée générale : à partir de 16h Célébration anniversaire [&hellip;]</p>
