{"id":942,"date":"2025-12-04T10:23:15","date_gmt":"2025-12-04T09:23:15","guid":{"rendered":"https:\/\/www.svbs-asse.ch\/svbs3\/?page_id=942"},"modified":"2026-04-02T08:29:01","modified_gmt":"2026-04-02T06:29:01","slug":"mitgliederversammlung","status":"publish","type":"page","link":"https:\/\/www.svbs-asse.ch\/?page_id=942","title":{"rendered":"Mitgliederversammlung"},"content":{"rendered":"\n<div class=\"wp-block-columns is-layout-flex wp-container-core-columns-is-layout-9d6595d7 wp-block-columns-is-layout-flex\">\n<div class=\"wp-block-column is-layout-flow wp-block-column-is-layout-flow\" style=\"flex-basis:33.33%\">\n<div class=\"wp-block-cover\"><img loading=\"lazy\" decoding=\"async\" width=\"1024\" height=\"683\" class=\"wp-block-cover__image-background wp-image-1054 size-large\" alt=\"\" src=\"https:\/\/www.svbs-asse.ch\/wp-content\/uploads\/2025\/12\/mitgliederversammlung-kachel-1024x683.jpg\" data-object-fit=\"cover\" srcset=\"https:\/\/www.svbs-asse.ch\/wp-content\/uploads\/2025\/12\/mitgliederversammlung-kachel-1024x683.jpg 1024w, https:\/\/www.svbs-asse.ch\/wp-content\/uploads\/2025\/12\/mitgliederversammlung-kachel-300x200.jpg 300w, https:\/\/www.svbs-asse.ch\/wp-content\/uploads\/2025\/12\/mitgliederversammlung-kachel-768x512.jpg 768w\" sizes=\"auto, (max-width: 1024px) 100vw, 1024px\" \/><span aria-hidden=\"true\" class=\"wp-block-cover__background has-background-dim\" style=\"background-color:#7d7a75\"><\/span><div class=\"wp-block-cover__inner-container is-layout-constrained wp-block-cover-is-layout-constrained\">\n<p class=\"has-text-align-center has-large-font-size\"><\/p>\n<\/div><\/div>\n<\/div>\n\n\n\n<div class=\"wp-block-column is-layout-flow wp-block-column-is-layout-flow\" style=\"flex-basis:66.66%\">\n<p>Die n\u00e4chste Mitgliederversammlung findet am 17. April 2026 in Seegr\u00e4ben ZH statt. <\/p>\n\n\n\n<p>Eintreffen der G\u00e4ste: ab 15:30 Uhr<\/p>\n\n\n\n<p>Mitgliederversammlung: ab 16 Uhr<\/p>\n\n\n\n<p>Jubil\u00e4umsfeier: ab 17:30 Uhr<\/p>\n\n\n\n<p>Die Anmeldefrist ist abgelaufen.<br><br><\/p>\n\n\n\n<p><br><br><br><a href=\"https:\/\/www.svbs-asse.ch\/wp-content\/uploads\/2025\/12\/Protokoll_MV_2025_.pdf\" target=\"_blank\" rel=\"noreferrer noopener\">Protokoll der Mitgliederversammlung 2025<\/a><br><br><br><\/p>\n<\/div>\n<\/div>\n\n\n\n<p><br><br><br><br><br><br><br><br><br><br><\/p>\n","protected":false},"excerpt":{"rendered":"<p>Die n\u00e4chste Mitgliederversammlung findet am 17. April 2026 in Seegr\u00e4ben ZH statt. Eintreffen der G\u00e4ste: ab 15:30 Uhr Mitgliederversammlung: ab 16 Uhr Jubil\u00e4umsfeier: ab 17:30 Uhr Die Anmeldefrist ist abgelaufen. [&hellip;]<\/p>\n","protected":false},"author":1,"featured_media":1054,"parent":22,"menu_order":0,"comment_status":"closed","ping_status":"closed","template":"","meta":{"_acf_changed":false,"footnotes":""},"class_list":["post-942","page","type-page","status-publish","has-post-thumbnail","hentry"],"acf":[],"lang":"de","translations":{"de":942,"fr":944,"it":1286,"en":1441},"pll_sync_post":[],"_links":{"self":[{"href":"https:\/\/www.svbs-asse.ch\/index.php?rest_route=\/wp\/v2\/pages\/942","targetHints":{"allow":["GET"]}}],"collection":[{"href":"https:\/\/www.svbs-asse.ch\/index.php?rest_route=\/wp\/v2\/pages"}],"about":[{"href":"https:\/\/www.svbs-asse.ch\/index.php?rest_route=\/wp\/v2\/types\/page"}],"author":[{"embeddable":true,"href":"https:\/\/www.svbs-asse.ch\/index.php?rest_route=\/wp\/v2\/users\/1"}],"replies":[{"embeddable":true,"href":"https:\/\/www.svbs-asse.ch\/index.php?rest_route=%2Fwp%2Fv2%2Fcomments&post=942"}],"version-history":[{"count":23,"href":"https:\/\/www.svbs-asse.ch\/index.php?rest_route=\/wp\/v2\/pages\/942\/revisions"}],"predecessor-version":[{"id":1994,"href":"https:\/\/www.svbs-asse.ch\/index.php?rest_route=\/wp\/v2\/pages\/942\/revisions\/1994"}],"up":[{"embeddable":true,"href":"https:\/\/www.svbs-asse.ch\/index.php?rest_route=\/wp\/v2\/pages\/22"}],"wp:featuredmedia":[{"embeddable":true,"href":"https:\/\/www.svbs-asse.ch\/index.php?rest_route=\/wp\/v2\/media\/1054"}],"wp:attachment":[{"href":"https:\/\/www.svbs-asse.ch\/index.php?rest_route=%2Fwp%2Fv2%2Fmedia&parent=942"}],"curies":[{"name":"wp","href":"https:\/\/api.w.org\/{rel}","templated":true}]}}

<div class="wp-block-columns is-layout-flex wp-container-core-columns-is-layout-9d6595d7 wp-block-columns-is-layout-flex">
<div class="wp-block-column is-layout-flow wp-block-column-is-layout-flow" style="flex-basis:33.33%">
<div class="wp-block-cover"><img loading="lazy" decoding="async" width="1024" height="683" class="wp-block-cover__image-background wp-image-1054 size-large" alt="" src="https://www.svbs-asse.ch/wp-content/uploads/2025/12/mitgliederversammlung-kachel-1024x683.jpg" data-object-fit="cover" srcset="https://www.svbs-asse.ch/wp-content/uploads/2025/12/mitgliederversammlung-kachel-1024x683.jpg 1024w, https://www.svbs-asse.ch/wp-content/uploads/2025/12/mitgliederversammlung-kachel-300x200.jpg 300w, https://www.svbs-asse.ch/wp-content/uploads/2025/12/mitgliederversammlung-kachel-768x512.jpg 768w" sizes="auto, (max-width: 1024px) 100vw, 1024px" /><span aria-hidden="true" class="wp-block-cover__background has-background-dim" style="background-color:#7d7a75"></span><div class="wp-block-cover__inner-container is-layout-constrained wp-block-cover-is-layout-constrained">
<p class="has-text-align-center has-large-font-size"></p>
</div></div>
</div>



<div class="wp-block-column is-layout-flow wp-block-column-is-layout-flow" style="flex-basis:66.66%">
<p>Die nächste Mitgliederversammlung findet am 17. April 2026 in Seegräben ZH statt. </p>



<p>Eintreffen der Gäste: ab 15:30 Uhr</p>



<p>Mitgliederversammlung: ab 16 Uhr</p>



<p>Jubiläumsfeier: ab 17:30 Uhr</p>



<p>Die Anmeldefrist ist abgelaufen.<br><br></p>



<p><br><br><br><a href="https://www.svbs-asse.ch/wp-content/uploads/2025/12/Protokoll_MV_2025_.pdf" target="_blank" rel="noreferrer noopener">Protokoll der Mitgliederversammlung 2025</a><br><br><br></p>
</div>
</div>



<p><br><br><br><br><br><br><br><br><br><br></p>

<p>Die nächste Mitgliederversammlung findet am 17. April 2026 in Seegräben ZH statt. Eintreffen der Gäste: ab 15:30 Uhr Mitgliederversammlung: ab 16 Uhr Jubiläumsfeier: ab 17:30 Uhr Die Anmeldefrist ist abgelaufen. [&hellip;]</p>
