{"id":938,"date":"2025-12-04T10:21:04","date_gmt":"2025-12-04T09:21:04","guid":{"rendered":"https:\/\/www.svbs-asse.ch\/svbs3\/?page_id=938"},"modified":"2026-01-27T10:19:18","modified_gmt":"2026-01-27T09:19:18","slug":"asse-award","status":"publish","type":"page","link":"https:\/\/www.svbs-asse.ch\/?page_id=938&lang=fr","title":{"rendered":"ASSE-Award"},"content":{"rendered":"\n<div class=\"wp-block-columns is-layout-flex wp-container-core-columns-is-layout-9d6595d7 wp-block-columns-is-layout-flex\">\n<div class=\"wp-block-column is-layout-flow wp-block-column-is-layout-flow\" style=\"flex-basis:33.33%\">\n<div class=\"wp-block-cover\" style=\"min-height:748px;aspect-ratio:unset;\"><img loading=\"lazy\" decoding=\"async\" width=\"683\" height=\"1024\" class=\"wp-block-cover__image-background wp-image-246\" alt=\"\" src=\"https:\/\/www.svbs-asse.ch\/wp-content\/uploads\/2025\/08\/svbs-award-683x1024.jpg\" data-object-fit=\"cover\" srcset=\"https:\/\/www.svbs-asse.ch\/wp-content\/uploads\/2025\/08\/svbs-award-683x1024.jpg 683w, https:\/\/www.svbs-asse.ch\/wp-content\/uploads\/2025\/08\/svbs-award-200x300.jpg 200w, https:\/\/www.svbs-asse.ch\/wp-content\/uploads\/2025\/08\/svbs-award-768x1152.jpg 768w, https:\/\/www.svbs-asse.ch\/wp-content\/uploads\/2025\/08\/svbs-award.jpg 1000w\" sizes=\"auto, (max-width: 683px) 100vw, 683px\" \/><span aria-hidden=\"true\" class=\"wp-block-cover__background has-background-dim\"><\/span><div class=\"wp-block-cover__inner-container is-layout-flow wp-block-cover-is-layout-flow\">\n<p class=\"has-text-align-center has-large-font-size\"><\/p>\n<\/div><\/div>\n<\/div>\n\n\n\n<div class=\"wp-block-column is-layout-flow wp-block-column-is-layout-flow\" style=\"flex-basis:66.66%\">\n<h3 class=\"wp-block-heading\">ASSE AWARD pour les secouristes de l&#8217;ann\u00e9e<\/h3>\n\n\n\n<p><br>L&#8217;Association suisse des secouristes d&#8217;entreprise (ASSE) r\u00e9compense les secouristes ou les organisations qui ont mis en \u0153uvre un projet exceptionnel ou innovant dans le domaine des premiers secours ou des secouristes d&#8217;entreprise, ou qui ont men\u00e9 ou dirig\u00e9 une intervention en tant que secouriste ou secouriste d&#8217;entreprise de mani\u00e8re particuli\u00e8rement comp\u00e9tente et exemplaire.<br><br>L&#8217;ASSE AWARD est ouvert \u00e0 tous les secouristes, qu&#8217;ils travaillent ou non dans le domaine des services de sant\u00e9 en entreprise et\/ou qu&#8217;ils soient membres ou non de l&#8217;ASSS.<br><br>Outre un prix, les laur\u00e9ats remporteront \u00e9galement une somme de 2500 CHF, sponsoris\u00e9e par <a href=\"https:\/\/www.betriebsapotheke.ch\/fr\/\" data-type=\"link\" data-id=\"https:\/\/www.betriebsapotheke.ch\/fr\/\">betriebsapotheke.ch<\/a>.<br><br>Seuls les secouristes ou les infirmiers d&#8217;entreprise peuvent \u00eatre r\u00e9compens\u00e9s. Sont exclus les m\u00e9decins, les professionnels de sant\u00e9, les ambulanciers et les personnes intervenant pour le compte d&#8217;un service de secours avec une ambulance ou un h\u00e9licopt\u00e8re de sauvetage. L&#8217;\u00e9v\u00e9nement ne doit pas remonter \u00e0 plus de 18 mois.<br><br>Vous trouverez <a href=\"https:\/\/www.svbs-asse.ch\/wp-content\/uploads\/2025\/12\/2024_Erweiterte_Wettbewerbs_und_Teilnahmebedingungen.pdf\" target=\"_blank\" rel=\"noreferrer noopener\">ici <\/a>les conditions d\u00e9taill\u00e9es du concours et de participation.<br><br>La date limite de d\u00e9p\u00f4t des candidatures est fix\u00e9e au 1er avril de chaque ann\u00e9e (pour les projets et interventions de l&#8217;ann\u00e9e pr\u00e9c\u00e9dente). Le formulaire de candidature est disponible via le lien ci-dessous.<br><br>Les candidatures sont examin\u00e9es par un jury compos\u00e9 d&#8217;anciens laur\u00e9ats et de diff\u00e9rents prestataires de formation. La d\u00e9cision du jury est d\u00e9finitive. Il n&#8217;existe aucun droit \u00e0 l&#8217;obtention d&#8217;une distinction.<br><br><\/p>\n\n\n<div class=\"grid grid-cols-2 sm:grid-cols-3 lg:grid-cols-4 gap-6\"><a class=\"relative aspect-video rounded-xl overflow-hidden group block\" href=\"https:\/\/www.svbs-asse.ch\/?page_id=1327\" aria-label=\"Zur Seite \u201eOnline Antrag\u201c\"><div class=\"absolute inset-0 bg-cover bg-center transition-transform duration-300 group-hover:scale-105\" style=\"background-image:url(https:\/\/www.svbs-asse.ch\/wp-content\/uploads\/2025\/12\/award.jpg);\"><\/div><div class=\"absolute inset-0 bg-black\/40 flex items-center justify-center\"><span class=\"text-white text-xl font-semibold bg-black\/60 px-3 py-1 rounded-md drop-shadow-lg\">Online Antrag<\/span><\/div><\/a><\/div>\n<\/div>\n<\/div>\n","protected":false},"excerpt":{"rendered":"<p>ASSE AWARD pour les secouristes de l&#8217;ann\u00e9e L&#8217;Association suisse des secouristes d&#8217;entreprise (ASSE) r\u00e9compense les secouristes ou les organisations qui ont mis en \u0153uvre un projet exceptionnel ou innovant dans [&hellip;]<\/p>\n","protected":false},"author":1,"featured_media":0,"parent":685,"menu_order":0,"comment_status":"closed","ping_status":"closed","template":"","meta":{"_acf_changed":false,"footnotes":""},"class_list":["post-938","page","type-page","status-publish","hentry"],"acf":[],"lang":"fr","translations":{"fr":938,"de":936,"it":1272,"en":1434},"pll_sync_post":[],"_links":{"self":[{"href":"https:\/\/www.svbs-asse.ch\/index.php?rest_route=\/wp\/v2\/pages\/938","targetHints":{"allow":["GET"]}}],"collection":[{"href":"https:\/\/www.svbs-asse.ch\/index.php?rest_route=\/wp\/v2\/pages"}],"about":[{"href":"https:\/\/www.svbs-asse.ch\/index.php?rest_route=\/wp\/v2\/types\/page"}],"author":[{"embeddable":true,"href":"https:\/\/www.svbs-asse.ch\/index.php?rest_route=\/wp\/v2\/users\/1"}],"replies":[{"embeddable":true,"href":"https:\/\/www.svbs-asse.ch\/index.php?rest_route=%2Fwp%2Fv2%2Fcomments&post=938"}],"version-history":[{"count":5,"href":"https:\/\/www.svbs-asse.ch\/index.php?rest_route=\/wp\/v2\/pages\/938\/revisions"}],"predecessor-version":[{"id":1284,"href":"https:\/\/www.svbs-asse.ch\/index.php?rest_route=\/wp\/v2\/pages\/938\/revisions\/1284"}],"up":[{"embeddable":true,"href":"https:\/\/www.svbs-asse.ch\/index.php?rest_route=\/wp\/v2\/pages\/685"}],"wp:attachment":[{"href":"https:\/\/www.svbs-asse.ch\/index.php?rest_route=%2Fwp%2Fv2%2Fmedia&parent=938"}],"curies":[{"name":"wp","href":"https:\/\/api.w.org\/{rel}","templated":true}]}}