{"id":790,"date":"2025-10-09T16:54:53","date_gmt":"2025-10-09T14:54:53","guid":{"rendered":"https:\/\/www.svbs-asse.ch\/svbs3\/?page_id=790"},"modified":"2026-01-27T10:18:47","modified_gmt":"2026-01-27T09:18:47","slug":"coordination-premiers-secours-suisse","status":"publish","type":"page","link":"https:\/\/www.svbs-asse.ch\/?page_id=790&lang=fr","title":{"rendered":"Coordination Premiers secours Suisse"},"content":{"rendered":"\n<p>Le projet \u00ab Coordination Premiers secours Suisse \u00bb vise \u00e0 cr\u00e9er une base durable pour la collaboration dans le domaine des premiers secours. Une meilleure connaissance et une meilleure compr\u00e9hension des acteurs impliqu\u00e9s doivent permettre de garantir des premiers secours efficaces et fonctionnels en Suisse.<br><br>Parmi les principaux objectifs du projet figurent le d\u00e9veloppement d&#8217;une compr\u00e9hension commune des \u00ab premiers secours en Suisse \u00bb, la cr\u00e9ation d&#8217;une vue d&#8217;ensemble du paysage des premiers secours en Suisse et l&#8217;\u00e9laboration d&#8217;une vision pour l&#8217;avenir des premiers secours. Cette vision permettra de d\u00e9finir des domaines d&#8217;action concrets et les prochaines \u00e9tapes.<br><br>L&#8217;ASSE est un membre actif de ce comit\u00e9 et y fait valoir les pr\u00e9occupations des secouristes d&#8217;entreprise.<br><br><\/p>\n\n\n\n<figure class=\"wp-block-image size-large\"><img loading=\"lazy\" decoding=\"async\" width=\"1024\" height=\"564\" src=\"https:\/\/www.svbs-asse.ch\/wp-content\/uploads\/2025\/12\/Projekt-Koordination-Erste-Hilfe_Dimension-2025_DE-1024x564.jpg\" alt=\"\" class=\"wp-image-897\" srcset=\"https:\/\/www.svbs-asse.ch\/wp-content\/uploads\/2025\/12\/Projekt-Koordination-Erste-Hilfe_Dimension-2025_DE-1024x564.jpg 1024w, https:\/\/www.svbs-asse.ch\/wp-content\/uploads\/2025\/12\/Projekt-Koordination-Erste-Hilfe_Dimension-2025_DE-300x165.jpg 300w, https:\/\/www.svbs-asse.ch\/wp-content\/uploads\/2025\/12\/Projekt-Koordination-Erste-Hilfe_Dimension-2025_DE-768x423.jpg 768w, https:\/\/www.svbs-asse.ch\/wp-content\/uploads\/2025\/12\/Projekt-Koordination-Erste-Hilfe_Dimension-2025_DE-1536x846.jpg 1536w, https:\/\/www.svbs-asse.ch\/wp-content\/uploads\/2025\/12\/Projekt-Koordination-Erste-Hilfe_Dimension-2025_DE.jpg 1920w\" sizes=\"auto, (max-width: 1024px) 100vw, 1024px\" \/><\/figure>\n","protected":false},"excerpt":{"rendered":"<p>Le projet \u00ab Coordination Premiers secours Suisse \u00bb vise \u00e0 cr\u00e9er une base durable pour la collaboration dans le domaine des premiers secours. Une meilleure connaissance et une meilleure compr\u00e9hension [&hellip;]<\/p>\n","protected":false},"author":1,"featured_media":0,"parent":705,"menu_order":0,"comment_status":"closed","ping_status":"closed","template":"","meta":{"_acf_changed":false,"footnotes":""},"class_list":["post-790","page","type-page","status-publish","hentry"],"acf":[],"lang":"fr","translations":{"fr":790,"de":535,"it":1471,"en":1470},"pll_sync_post":[],"_links":{"self":[{"href":"https:\/\/www.svbs-asse.ch\/index.php?rest_route=\/wp\/v2\/pages\/790","targetHints":{"allow":["GET"]}}],"collection":[{"href":"https:\/\/www.svbs-asse.ch\/index.php?rest_route=\/wp\/v2\/pages"}],"about":[{"href":"https:\/\/www.svbs-asse.ch\/index.php?rest_route=\/wp\/v2\/types\/page"}],"author":[{"embeddable":true,"href":"https:\/\/www.svbs-asse.ch\/index.php?rest_route=\/wp\/v2\/users\/1"}],"replies":[{"embeddable":true,"href":"https:\/\/www.svbs-asse.ch\/index.php?rest_route=%2Fwp%2Fv2%2Fcomments&post=790"}],"version-history":[{"count":3,"href":"https:\/\/www.svbs-asse.ch\/index.php?rest_route=\/wp\/v2\/pages\/790\/revisions"}],"predecessor-version":[{"id":1313,"href":"https:\/\/www.svbs-asse.ch\/index.php?rest_route=\/wp\/v2\/pages\/790\/revisions\/1313"}],"up":[{"embeddable":true,"href":"https:\/\/www.svbs-asse.ch\/index.php?rest_route=\/wp\/v2\/pages\/705"}],"wp:attachment":[{"href":"https:\/\/www.svbs-asse.ch\/index.php?rest_route=%2Fwp%2Fv2%2Fmedia&parent=790"}],"curies":[{"name":"wp","href":"https:\/\/api.w.org\/{rel}","templated":true}]}}

<p>Le projet « Coordination Premiers secours Suisse » vise à créer une base durable pour la collaboration dans le domaine des premiers secours. Une meilleure connaissance et une meilleure compréhension des acteurs impliqués doivent permettre de garantir des premiers secours efficaces et fonctionnels en Suisse.<br><br>Parmi les principaux objectifs du projet figurent le développement d&#8217;une compréhension commune des « premiers secours en Suisse », la création d&#8217;une vue d&#8217;ensemble du paysage des premiers secours en Suisse et l&#8217;élaboration d&#8217;une vision pour l&#8217;avenir des premiers secours. Cette vision permettra de définir des domaines d&#8217;action concrets et les prochaines étapes.<br><br>L&#8217;ASSE est un membre actif de ce comité et y fait valoir les préoccupations des secouristes d&#8217;entreprise.<br><br></p>



<figure class="wp-block-image size-large"><img loading="lazy" decoding="async" width="1024" height="564" src="https://www.svbs-asse.ch/wp-content/uploads/2025/12/Projekt-Koordination-Erste-Hilfe_Dimension-2025_DE-1024x564.jpg" alt="" class="wp-image-897" srcset="https://www.svbs-asse.ch/wp-content/uploads/2025/12/Projekt-Koordination-Erste-Hilfe_Dimension-2025_DE-1024x564.jpg 1024w, https://www.svbs-asse.ch/wp-content/uploads/2025/12/Projekt-Koordination-Erste-Hilfe_Dimension-2025_DE-300x165.jpg 300w, https://www.svbs-asse.ch/wp-content/uploads/2025/12/Projekt-Koordination-Erste-Hilfe_Dimension-2025_DE-768x423.jpg 768w, https://www.svbs-asse.ch/wp-content/uploads/2025/12/Projekt-Koordination-Erste-Hilfe_Dimension-2025_DE-1536x846.jpg 1536w, https://www.svbs-asse.ch/wp-content/uploads/2025/12/Projekt-Koordination-Erste-Hilfe_Dimension-2025_DE.jpg 1920w" sizes="auto, (max-width: 1024px) 100vw, 1024px" /></figure>

<p>Le projet « Coordination Premiers secours Suisse » vise à créer une base durable pour la collaboration dans le domaine des premiers secours. Une meilleure connaissance et une meilleure compréhension [&hellip;]</p>
