{"id":681,"date":"2025-10-08T13:19:24","date_gmt":"2025-10-08T11:19:24","guid":{"rendered":"https:\/\/www.svbs-asse.ch\/svbs3\/?page_id=681"},"modified":"2026-01-27T10:20:30","modified_gmt":"2026-01-27T09:20:30","slug":"offres-pour-les-membres","status":"publish","type":"page","link":"https:\/\/www.svbs-asse.ch\/?page_id=681&lang=fr","title":{"rendered":"Offres pour les membres"},"content":{"rendered":"\n<div class=\"wp-block-columns is-layout-flex wp-container-core-columns-is-layout-9d6595d7 wp-block-columns-is-layout-flex\">\n<div class=\"wp-block-column is-layout-flow wp-block-column-is-layout-flow\" style=\"flex-basis:20%\">\n<div class=\"wp-block-cover\" style=\"min-height:500px;aspect-ratio:unset;\"><img loading=\"lazy\" decoding=\"async\" width=\"1024\" height=\"683\" class=\"wp-block-cover__image-background wp-image-294\" alt=\"\" src=\"https:\/\/www.svbs-asse.ch\/wp-content\/uploads\/2025\/08\/mehrwerte-1-1024x683.jpg\" data-object-fit=\"cover\" srcset=\"https:\/\/www.svbs-asse.ch\/wp-content\/uploads\/2025\/08\/mehrwerte-1-1024x683.jpg 1024w, https:\/\/www.svbs-asse.ch\/wp-content\/uploads\/2025\/08\/mehrwerte-1-300x200.jpg 300w, https:\/\/www.svbs-asse.ch\/wp-content\/uploads\/2025\/08\/mehrwerte-1-768x512.jpg 768w, https:\/\/www.svbs-asse.ch\/wp-content\/uploads\/2025\/08\/mehrwerte-1-1536x1024.jpg 1536w, https:\/\/www.svbs-asse.ch\/wp-content\/uploads\/2025\/08\/mehrwerte-1.jpg 1920w\" sizes=\"auto, (max-width: 1024px) 100vw, 1024px\" \/><span aria-hidden=\"true\" class=\"wp-block-cover__background has-background-dim\"><\/span><div class=\"wp-block-cover__inner-container is-layout-flow wp-block-cover-is-layout-flow\">\n<p class=\"has-text-align-center has-large-font-size\"><\/p>\n<\/div><\/div>\n<\/div>\n\n\n\n<div class=\"wp-block-column is-layout-flow wp-block-column-is-layout-flow\" style=\"flex-basis:100%\">\n<p><strong><strong>Valeur ajout\u00e9e pour les membres de l\u2019ASSE<\/strong><\/strong><\/p>\n\n\n\n<p>Ces prestataires accordent aux membres de l\u2019ASSE des r\u00e9ductions sur leurs produits et services, en reconnaissance et en remerciement de votre engagement !<\/p>\n\n\n\n<div style=\"height:25px\" aria-hidden=\"true\" class=\"wp-block-spacer\"><\/div>\n\n\n\n<ul class=\"wp-block-list\">\n<li>5 % de r\u00e9duction chez flawa IQ sur les trousses de premiers secours (Midi \/ Maxi), premier remplissage compris<\/li>\n\n\n\n<li>Conditions sp\u00e9ciales pour le syst\u00e8me de feedback CorPatch CPR<\/li>\n\n\n\n<li>Guide ASSE gratuit pour la mise en \u0153uvre et l&#8217;application des directives Seco, comprenant un exemple d\u00e9taill\u00e9 de concept de premiers secours<\/li>\n\n\n\n<li>Application d&#8217;urgence et serveur d&#8217;alarme e-mergency<sup>\u00ae<\/sup>&nbsp;: 20 % de r\u00e9duction sur la premi\u00e8re ann\u00e9e du contrat SaaS<\/li>\n\n\n\n<li>R\u00e9ductions sur les syst\u00e8mes de gestion des urgences de LIFETEC ONE<\/li>\n\n\n\n<li>10 % de r\u00e9duction sur les produits IVF HARTMANN AG \/ DermaPlast<\/li>\n\n\n\n<li>Prix sp\u00e9ciaux pour le kit Oxylator et le sac \u00e0 dos de secours chez Procamed AG<\/li>\n\n\n\n<li>Conseil gratuit sur place et 15 % de r\u00e9duction \u00e0 l&#8217;achat d&#8217;un d\u00e9fibrillateur ZOLL AED<\/li>\n\n\n\n<li>notfallFlips en allemand et en fran\u00e7ais avec 10 % de r\u00e9duction&nbsp;<\/li>\n<\/ul>\n\n\n\n<div style=\"height:35px\" aria-hidden=\"true\" class=\"wp-block-spacer\"><\/div>\n\n\n\n<p>Profitez de ces avantages et devenez membre de l\u2019ASSE \u2013 vous trouverez ici un\u00a0<strong><a href=\"https:\/\/www.svbs-asse.ch\/?page_id=675&amp;lang=fr\" data-type=\"link\" data-id=\"https:\/\/www.svbs-asse.ch\/?page_id=675&amp;lang=fr\">formulaire d&#8217;adh\u00e9sion<\/a><\/strong>.<\/p>\n\n\n\n<div style=\"height:25px\" aria-hidden=\"true\" class=\"wp-block-spacer\"><\/div>\n\n\n\n<p>Inscrivez-vous&nbsp;<strong><a href=\"https:\/\/www.svbs-asse.ch\/?page_id=733&amp;lang=fr\" data-type=\"page\" data-id=\"733\">ici&nbsp;<\/a><\/strong>pour acc\u00e9der \u00e0 l&#8217;espace membres<br><br><\/p>\n\n\n\n<p><\/p>\n<\/div>\n<\/div>\n\n\n\n\n\n<div style=\"height:25px\" aria-hidden=\"true\" class=\"wp-block-spacer\"><\/div>\n\n\n\n\n\n\n\n<p><\/p>\n","protected":false},"excerpt":{"rendered":"<p>Valeur ajout\u00e9e pour les membres de l\u2019ASSE Ces prestataires accordent aux membres de l\u2019ASSE des r\u00e9ductions sur leurs produits et services, en reconnaissance et en remerciement de votre engagement ! [&hellip;]<\/p>\n","protected":false},"author":1,"featured_media":0,"parent":63,"menu_order":0,"comment_status":"closed","ping_status":"closed","template":"","meta":{"_acf_changed":false,"footnotes":""},"class_list":["post-681","page","type-page","status-publish","hentry"],"acf":[],"lang":"fr","translations":{"fr":681,"de":172,"it":1182,"en":1425},"pll_sync_post":[],"_links":{"self":[{"href":"https:\/\/www.svbs-asse.ch\/index.php?rest_route=\/wp\/v2\/pages\/681","targetHints":{"allow":["GET"]}}],"collection":[{"href":"https:\/\/www.svbs-asse.ch\/index.php?rest_route=\/wp\/v2\/pages"}],"about":[{"href":"https:\/\/www.svbs-asse.ch\/index.php?rest_route=\/wp\/v2\/types\/page"}],"author":[{"embeddable":true,"href":"https:\/\/www.svbs-asse.ch\/index.php?rest_route=\/wp\/v2\/users\/1"}],"replies":[{"embeddable":true,"href":"https:\/\/www.svbs-asse.ch\/index.php?rest_route=%2Fwp%2Fv2%2Fcomments&post=681"}],"version-history":[{"count":6,"href":"https:\/\/www.svbs-asse.ch\/index.php?rest_route=\/wp\/v2\/pages\/681\/revisions"}],"predecessor-version":[{"id":1668,"href":"https:\/\/www.svbs-asse.ch\/index.php?rest_route=\/wp\/v2\/pages\/681\/revisions\/1668"}],"up":[{"embeddable":true,"href":"https:\/\/www.svbs-asse.ch\/index.php?rest_route=\/wp\/v2\/pages\/63"}],"wp:attachment":[{"href":"https:\/\/www.svbs-asse.ch\/index.php?rest_route=%2Fwp%2Fv2%2Fmedia&parent=681"}],"curies":[{"name":"wp","href":"https:\/\/api.w.org\/{rel}","templated":true}]}}