{"id":535,"date":"2025-09-07T08:34:55","date_gmt":"2025-09-07T06:34:55","guid":{"rendered":"https:\/\/www.svbs-asse.ch\/svbs3\/?page_id=535"},"modified":"2026-01-27T10:18:47","modified_gmt":"2026-01-27T09:18:47","slug":"koordination-erste-hilfe-schweiz","status":"publish","type":"page","link":"https:\/\/www.svbs-asse.ch\/?page_id=535","title":{"rendered":"Koordination Erste Hilfe Schweiz"},"content":{"rendered":"\n<p>Das Projekt \u201eKoordination Erste Hilfe Schweiz\u201c\u00a0zielt darauf ab, eine nachhaltige Basis f\u00fcr die Zusammenarbeit in der Ersten Hilfe zu schaffen.Durch ein besseres Kennenlernen und Verst\u00e4ndnis der beteiligten Akteure soll eine erfolgreiche und funktionierende Erste Hilfe in der Schweiz sichergestellt werden.<br><br>Zu den wichtigsten Zielsetzungen des Projekts geh\u00f6ren die Entwicklung eines gemeinsamen Verst\u00e4ndnisses von \u201eErste Hilfe Schweiz\u201c, die Erstellung einer \u00dcbersicht \u00fcber die Erste-Hilfe-Landschaft in der Schweiz sowie die Erarbeitung einer Vision f\u00fcr die Zukunft der Ersten Hilfe. Aus dieser Vision werden konkrete Handlungsfelder und n\u00e4chste Schritte abgeleitet.<br><br>Die SVBS ist ein aktives Mitglied in diesem Gremium und bringt die Anliegen der Betriebssanit\u00e4ten ein.<br><br><\/p>\n\n\n\n<figure class=\"wp-block-image size-large\"><img loading=\"lazy\" decoding=\"async\" width=\"1024\" height=\"564\" src=\"https:\/\/www.svbs-asse.ch\/wp-content\/uploads\/2025\/12\/Projekt-Koordination-Erste-Hilfe_Dimension-2025_DE-1024x564.jpg\" alt=\"\" class=\"wp-image-897\" srcset=\"https:\/\/www.svbs-asse.ch\/wp-content\/uploads\/2025\/12\/Projekt-Koordination-Erste-Hilfe_Dimension-2025_DE-1024x564.jpg 1024w, https:\/\/www.svbs-asse.ch\/wp-content\/uploads\/2025\/12\/Projekt-Koordination-Erste-Hilfe_Dimension-2025_DE-300x165.jpg 300w, https:\/\/www.svbs-asse.ch\/wp-content\/uploads\/2025\/12\/Projekt-Koordination-Erste-Hilfe_Dimension-2025_DE-768x423.jpg 768w, https:\/\/www.svbs-asse.ch\/wp-content\/uploads\/2025\/12\/Projekt-Koordination-Erste-Hilfe_Dimension-2025_DE-1536x846.jpg 1536w, https:\/\/www.svbs-asse.ch\/wp-content\/uploads\/2025\/12\/Projekt-Koordination-Erste-Hilfe_Dimension-2025_DE.jpg 1920w\" sizes=\"auto, (max-width: 1024px) 100vw, 1024px\" \/><\/figure>\n","protected":false},"excerpt":{"rendered":"<p>Das Projekt \u201eKoordination Erste Hilfe Schweiz\u201c\u00a0zielt darauf ab, eine nachhaltige Basis f\u00fcr die Zusammenarbeit in der Ersten Hilfe zu schaffen.Durch ein besseres Kennenlernen und Verst\u00e4ndnis der beteiligten Akteure soll eine [&hellip;]<\/p>\n","protected":false},"author":1,"featured_media":0,"parent":28,"menu_order":0,"comment_status":"closed","ping_status":"closed","template":"","meta":{"_acf_changed":false,"footnotes":""},"class_list":["post-535","page","type-page","status-publish","hentry"],"acf":[],"lang":"de","translations":{"de":535,"fr":790,"it":1471,"en":1470},"pll_sync_post":[],"_links":{"self":[{"href":"https:\/\/www.svbs-asse.ch\/index.php?rest_route=\/wp\/v2\/pages\/535","targetHints":{"allow":["GET"]}}],"collection":[{"href":"https:\/\/www.svbs-asse.ch\/index.php?rest_route=\/wp\/v2\/pages"}],"about":[{"href":"https:\/\/www.svbs-asse.ch\/index.php?rest_route=\/wp\/v2\/types\/page"}],"author":[{"embeddable":true,"href":"https:\/\/www.svbs-asse.ch\/index.php?rest_route=\/wp\/v2\/users\/1"}],"replies":[{"embeddable":true,"href":"https:\/\/www.svbs-asse.ch\/index.php?rest_route=%2Fwp%2Fv2%2Fcomments&post=535"}],"version-history":[{"count":5,"href":"https:\/\/www.svbs-asse.ch\/index.php?rest_route=\/wp\/v2\/pages\/535\/revisions"}],"predecessor-version":[{"id":1314,"href":"https:\/\/www.svbs-asse.ch\/index.php?rest_route=\/wp\/v2\/pages\/535\/revisions\/1314"}],"up":[{"embeddable":true,"href":"https:\/\/www.svbs-asse.ch\/index.php?rest_route=\/wp\/v2\/pages\/28"}],"wp:attachment":[{"href":"https:\/\/www.svbs-asse.ch\/index.php?rest_route=%2Fwp%2Fv2%2Fmedia&parent=535"}],"curies":[{"name":"wp","href":"https:\/\/api.w.org\/{rel}","templated":true}]}}

<p>Das Projekt „Koordination Erste Hilfe Schweiz“ zielt darauf ab, eine nachhaltige Basis für die Zusammenarbeit in der Ersten Hilfe zu schaffen.Durch ein besseres Kennenlernen und Verständnis der beteiligten Akteure soll eine erfolgreiche und funktionierende Erste Hilfe in der Schweiz sichergestellt werden.<br><br>Zu den wichtigsten Zielsetzungen des Projekts gehören die Entwicklung eines gemeinsamen Verständnisses von „Erste Hilfe Schweiz“, die Erstellung einer Übersicht über die Erste-Hilfe-Landschaft in der Schweiz sowie die Erarbeitung einer Vision für die Zukunft der Ersten Hilfe. Aus dieser Vision werden konkrete Handlungsfelder und nächste Schritte abgeleitet.<br><br>Die SVBS ist ein aktives Mitglied in diesem Gremium und bringt die Anliegen der Betriebssanitäten ein.<br><br></p>



<figure class="wp-block-image size-large"><img loading="lazy" decoding="async" width="1024" height="564" src="https://www.svbs-asse.ch/wp-content/uploads/2025/12/Projekt-Koordination-Erste-Hilfe_Dimension-2025_DE-1024x564.jpg" alt="" class="wp-image-897" srcset="https://www.svbs-asse.ch/wp-content/uploads/2025/12/Projekt-Koordination-Erste-Hilfe_Dimension-2025_DE-1024x564.jpg 1024w, https://www.svbs-asse.ch/wp-content/uploads/2025/12/Projekt-Koordination-Erste-Hilfe_Dimension-2025_DE-300x165.jpg 300w, https://www.svbs-asse.ch/wp-content/uploads/2025/12/Projekt-Koordination-Erste-Hilfe_Dimension-2025_DE-768x423.jpg 768w, https://www.svbs-asse.ch/wp-content/uploads/2025/12/Projekt-Koordination-Erste-Hilfe_Dimension-2025_DE-1536x846.jpg 1536w, https://www.svbs-asse.ch/wp-content/uploads/2025/12/Projekt-Koordination-Erste-Hilfe_Dimension-2025_DE.jpg 1920w" sizes="auto, (max-width: 1024px) 100vw, 1024px" /></figure>

<p>Das Projekt „Koordination Erste Hilfe Schweiz“ zielt darauf ab, eine nachhaltige Basis für die Zusammenarbeit in der Ersten Hilfe zu schaffen.Durch ein besseres Kennenlernen und Verständnis der beteiligten Akteure soll eine [&hellip;]</p>
