{"id":528,"date":"2025-09-07T08:10:29","date_gmt":"2025-09-07T06:10:29","guid":{"rendered":"https:\/\/www.svbs-asse.ch\/svbs3\/?page_id=528"},"modified":"2026-01-27T10:18:07","modified_gmt":"2026-01-27T09:18:07","slug":"ueber-die-svbs","status":"publish","type":"page","link":"https:\/\/www.svbs-asse.ch\/?page_id=528","title":{"rendered":"Ueber die SVBS"},"content":{"rendered":"\n<p><\/p>\n\n\n\n<div class=\"wp-block-columns is-layout-flex wp-container-core-columns-is-layout-9d6595d7 wp-block-columns-is-layout-flex\">\n<div class=\"wp-block-column is-layout-flow wp-block-column-is-layout-flow\" style=\"flex-basis:25%\">\n<div class=\"wp-block-cover\" style=\"min-height:480px;aspect-ratio:unset;\"><img loading=\"lazy\" decoding=\"async\" width=\"800\" height=\"268\" class=\"wp-block-cover__image-background wp-image-543\" alt=\"\" src=\"https:\/\/www.svbs-asse.ch\/wp-content\/uploads\/2025\/09\/logo_banner_breit.png\" data-object-fit=\"cover\" srcset=\"https:\/\/www.svbs-asse.ch\/wp-content\/uploads\/2025\/09\/logo_banner_breit.png 800w, https:\/\/www.svbs-asse.ch\/wp-content\/uploads\/2025\/09\/logo_banner_breit-300x101.png 300w, https:\/\/www.svbs-asse.ch\/wp-content\/uploads\/2025\/09\/logo_banner_breit-768x257.png 768w\" sizes=\"auto, (max-width: 800px) 100vw, 800px\" \/><span aria-hidden=\"true\" class=\"wp-block-cover__background has-background-dim\"><\/span><div class=\"wp-block-cover__inner-container is-layout-flow wp-block-cover-is-layout-flow\">\n<p class=\"has-text-align-center has-large-font-size\"><\/p>\n<\/div><\/div>\n<\/div>\n\n\n\n<div class=\"wp-block-column is-layout-flow wp-block-column-is-layout-flow\" style=\"flex-basis:100%\">\n<p><strong>Wir verbinden: Theorie &amp; Praxis, Betrieb &amp; Sanit\u00e4t<\/strong><br><br><strong>Unsere Vereinigung<\/strong><br>Die Schweizerische Vereinigung f\u00fcr Betriebssanit\u00e4t wurde 1986 gegr\u00fcndet. Wir sind die einzige Berufsorganisation f\u00fcr Betriebssanit\u00e4ter:innen in der Schweiz. Firmen und Unternehmungen unterst\u00fctzen uns als Einzel- und Kollektivmitglieder. Wir sind politisch und konfessionell neutral.\u00a0<br><br><strong>Unsere T\u00e4tigkeiten<\/strong><br>Wir sind f\u00fcr unsere Mitglieder eine Beratungs- und Dokumentationsstelle zum Thema Betriebssanit\u00e4t. Wir arbeiten in diversen Fachgremien mit und vertreten dort die Bed\u00fcrfnisse der Betriebssanit\u00e4ter:innen. Wir bringen uns aktiv zur Qualit\u00e4tssicherung des Aus- und Weiterbildungsangebots f\u00fcr Betriebssanit\u00e4ter:innen ein. Wir organisieren Fortbildungen im Bereich Betriebssanit\u00e4t und ver\u00f6ffentlichen Dokumente und Leitf\u00e4den rund um relevante Fragen der Betriebssanit\u00e4t. Wir betreiben \u00d6ffentlichkeitsarbeit und vernetzen Betriebssanit\u00e4ter:innen untereinander und mit anderen Zielgruppen.<br><br><strong>Unsere Ziele<\/strong><br>Wir fordern und f\u00f6rdern das Ansehen und die fachliche Kompetenz der Betriebssanit\u00e4ter:innen, unterst\u00fctzen den Erfahrungsaustausch, bringen uns aktiv in die Sicherung eines hohen Standards im gesamt-schweizerischen Ausbildungsangebot ein und legen Wert auf ein hohes Qualit\u00e4tsniveau in der betriebssanit\u00e4tsdienstlichen Praxis. Wir stehen beratend zur Seite und erarbeiten Weiterbildungsformate und Dokumente, die unseren Mitgliedern und der Branche weiterhelfen.<br><br><\/p>\n<\/div>\n<\/div>\n\n\n\n<p><\/p>\n","protected":false},"excerpt":{"rendered":"<p>Wir verbinden: Theorie &amp; Praxis, Betrieb &amp; Sanit\u00e4t Unsere VereinigungDie Schweizerische Vereinigung f\u00fcr Betriebssanit\u00e4t wurde 1986 gegr\u00fcndet. Wir sind die einzige Berufsorganisation f\u00fcr Betriebssanit\u00e4ter:innen in der Schweiz. Firmen und Unternehmungen [&hellip;]<\/p>\n","protected":false},"author":1,"featured_media":0,"parent":28,"menu_order":0,"comment_status":"closed","ping_status":"closed","template":"","meta":{"_acf_changed":false,"footnotes":""},"class_list":["post-528","page","type-page","status-publish","hentry"],"acf":[],"lang":"de","translations":{"de":528,"fr":781,"it":1117,"en":1465},"pll_sync_post":[],"_links":{"self":[{"href":"https:\/\/www.svbs-asse.ch\/index.php?rest_route=\/wp\/v2\/pages\/528","targetHints":{"allow":["GET"]}}],"collection":[{"href":"https:\/\/www.svbs-asse.ch\/index.php?rest_route=\/wp\/v2\/pages"}],"about":[{"href":"https:\/\/www.svbs-asse.ch\/index.php?rest_route=\/wp\/v2\/types\/page"}],"author":[{"embeddable":true,"href":"https:\/\/www.svbs-asse.ch\/index.php?rest_route=\/wp\/v2\/users\/1"}],"replies":[{"embeddable":true,"href":"https:\/\/www.svbs-asse.ch\/index.php?rest_route=%2Fwp%2Fv2%2Fcomments&post=528"}],"version-history":[{"count":11,"href":"https:\/\/www.svbs-asse.ch\/index.php?rest_route=\/wp\/v2\/pages\/528\/revisions"}],"predecessor-version":[{"id":1670,"href":"https:\/\/www.svbs-asse.ch\/index.php?rest_route=\/wp\/v2\/pages\/528\/revisions\/1670"}],"up":[{"embeddable":true,"href":"https:\/\/www.svbs-asse.ch\/index.php?rest_route=\/wp\/v2\/pages\/28"}],"wp:attachment":[{"href":"https:\/\/www.svbs-asse.ch\/index.php?rest_route=%2Fwp%2Fv2%2Fmedia&parent=528"}],"curies":[{"name":"wp","href":"https:\/\/api.w.org\/{rel}","templated":true}]}}